{"id":61,"date":"2020-01-23T18:21:52","date_gmt":"2020-01-23T18:21:52","guid":{"rendered":"https:\/\/demosites.io\/web-agency-gb\/?page_id=61"},"modified":"2025-12-14T19:18:46","modified_gmt":"2025-12-14T19:18:46","slug":"o-nama","status":"publish","type":"page","link":"https:\/\/belgiangourmet.hr\/index.php\/o-nama\/","title":{"rendered":"O nama"},"content":{"rendered":"\n<div class=\"wp-block-cover alignfull wp-duotone-unset-1\" style=\"min-height:300px;aspect-ratio:unset;\"><img loading=\"lazy\" decoding=\"async\" width=\"2560\" height=\"1920\" class=\"wp-block-cover__image-background wp-image-8 size-full\" alt=\"\" src=\"https:\/\/belgiangourmet.hr\/wp-content\/uploads\/2025\/11\/2112-scaled.jpg\" style=\"object-position:44% 28%\" data-object-fit=\"cover\" data-object-position=\"44% 28%\" srcset=\"https:\/\/belgiangourmet.hr\/wp-content\/uploads\/2025\/11\/2112-scaled.jpg 2560w, https:\/\/belgiangourmet.hr\/wp-content\/uploads\/2025\/11\/2112-300x225.jpg 300w, https:\/\/belgiangourmet.hr\/wp-content\/uploads\/2025\/11\/2112-1024x768.jpg 1024w, https:\/\/belgiangourmet.hr\/wp-content\/uploads\/2025\/11\/2112-768x576.jpg 768w, https:\/\/belgiangourmet.hr\/wp-content\/uploads\/2025\/11\/2112-1536x1152.jpg 1536w, https:\/\/belgiangourmet.hr\/wp-content\/uploads\/2025\/11\/2112-2048x1536.jpg 2048w\" sizes=\"auto, (max-width: 2560px) 100vw, 2560px\" \/><span aria-hidden=\"true\" class=\"wp-block-cover__background has-nv-site-bg-background-color has-background-dim\"><\/span><div class=\"wp-block-cover__inner-container is-layout-flow wp-block-cover-is-layout-flow\">\n<p class=\"has-text-align-center has-ast-global-color-0-color has-text-color has-x-large-font-size\"><\/p>\n<\/div><\/div>\n\n\n\n<div class=\"wp-block-cover alignfull\" style=\"min-height:600px;aspect-ratio:unset;\"><span aria-hidden=\"true\" class=\"wp-block-cover__background has-nv-light-bg-background-color has-background-dim-100 has-background-dim\"><\/span><div class=\"wp-block-cover__inner-container is-layout-flow wp-block-cover-is-layout-flow\">\n<div class=\"wp-block-group is-layout-flow wp-block-group-is-layout-flow\">\n<div class=\"wp-block-columns are-vertically-aligned-center has-neve-text-color-color has-text-color is-layout-flex wp-container-core-columns-is-layout-28f84493 wp-block-columns-is-layout-flex\">\n<div class=\"wp-block-column is-vertically-aligned-center is-layout-flow wp-block-column-is-layout-flow\" style=\"flex-basis:50%\">\n<figure class=\"wp-block-image alignleft size-full is-resized animated rotateIn\"><a href=\"https:\/\/belgianchocolategroup.com\/en\"><img loading=\"lazy\" decoding=\"async\" width=\"272\" height=\"135\" src=\"https:\/\/belgiangourmet.hr\/wp-content\/uploads\/2025\/11\/Screenshot-2025-11-12-182552.jpg\" alt=\"\" class=\"wp-image-404\" style=\"aspect-ratio:2.014908357449794;width:403px;height:auto\"\/><\/a><\/figure>\n<\/div>\n\n\n\n<div class=\"wp-block-column is-vertically-aligned-center is-layout-flow wp-block-column-is-layout-flow\" style=\"flex-basis:50%\">\n<h2 class=\"wp-block-heading has-ast-global-color-0-color has-text-color\">Na\u0161a pri\u010da<\/h2>\n\n\n\n<p class=\"has-ast-global-color-0-color has-text-color\">Belgian Gourmet d.o.o. je hrvatska tvrtka osnovana 2021. godine s ciljem razvoja i proizvodnje <strong>vrhunske BIO i veganske \u010dokolade<\/strong> u Gradu Vrlici. Na\u0161e poslovanje temelji se na dugogodi\u0161njem iskustvu, znanju i tehnolo\u0161kim standardima <strong>The Belgian Chocolate Group<\/strong>, jedne od vode\u0107ih belgijskih \u010dokoladnih grupacija.<\/p>\n\n\n\n<p class=\"has-ast-global-color-0-color has-text-color has-link-color wp-elements-b146098cbefdc72429501803cf60d04f\">Tvrtka je dio velike grupacije koju vodi <strong>Pauwels Engineering NV<\/strong>, mati\u010dno poduze\u0107e s vi\u0161e od <strong>25 godina iskustva<\/strong>, preko <strong>154 zaposlenika<\/strong> i ukupnim godi\u0161njim prihodima od <strong>44 milijuna EUR<\/strong>. Grupacija je me\u0111unarodno prepoznata u industriji \u010dokolade, s naglaskom na kvalitetu, inovacije i dugoro\u010dnu odr\u017eivost.<\/p>\n\n\n\n<h3 class=\"wp-block-heading has-ast-global-color-0-color has-text-color has-link-color wp-elements-7c8b5f098d4e40d2dcf47defbd753fb0\"><strong>Belgian Gourmet u Hrvatskoj<\/strong><\/h3>\n\n\n\n<p class=\"has-ast-global-color-0-color has-text-color has-link-color wp-elements-8fbf9d2d2a8458128f66dbde5631a255\">Za razliku od ostalih tvornica u grupaciji koje proizvode klasi\u010dnu belgijsku \u010dokoladu i praline, hrvatska tvornica fokusira se isklju\u010divo na:<\/p>\n\n\n\n<ul class=\"wp-block-list has-ast-global-color-0-color has-text-color has-link-color wp-elements-77271d61fa6f6805e9a888415c3cd549\">\n<li class=\"has-ast-global-color-0-color has-text-color has-link-color wp-elements-a583405d8d2c95e18c931859eeae8692\"><strong>BIO \u010dokolade<\/strong><\/li>\n\n\n\n<li class=\"has-ast-global-color-0-color has-text-color has-link-color wp-elements-4e1c32caf4ec52d692894291e80054b6\"><strong>veganske \u010dokolade<\/strong><\/li>\n\n\n\n<li class=\"has-ast-global-color-0-color has-text-color has-link-color wp-elements-e6b05e3993e3b90295dca561fabb2e76\"><strong>proizvode bez palminog ulja, bez mlijeka i bez alergena<\/strong><\/li>\n\n\n\n<li class=\"has-ast-global-color-0-color has-text-color has-link-color wp-elements-1781983b2109d3c6a6b33f3bcbf1ae75\"><strong>sirovu (RAW) \u010dokoladu minimalno obra\u0111enu za o\u010duvanje nutritivnih vrijednosti<\/strong><\/li>\n<\/ul>\n\n\n\n<p class=\"has-ast-global-color-0-color has-text-color has-link-color wp-elements-73e0dcd73fda795aed7805b585895d25\">Proizvodnja se odvija u prostoru Poduzetni\u010dkog inkubatora Grada Vrlike, gdje uz podr\u0161ku lokalne zajednice i EU fondova tvrtka kontinuirano raste i razvija se.<\/p>\n\n\n\n<p class=\"has-ast-global-color-0-color has-text-color has-link-color wp-elements-9f1ddc49660941d65c4a5a5416c5d12a\">Danas Belgian Gourmet u Hrvatskoj zapo\u0161ljava <strong>preko 20 djelatnika<\/strong>, a broj zaposlenih raste iz mjeseca u mjesec zahvaljuju\u0107i pove\u0107anoj potra\u017enji i pro\u0161irenju proizvodnih kapaciteta.<\/p>\n\n\n\n<h3 class=\"wp-block-heading has-ast-global-color-0-color has-text-color has-link-color wp-elements-036eee503690eb5e4ebc212a71acf209\"><strong>Za\u0161to Vrlika?<\/strong><\/h3>\n\n\n\n<p class=\"has-ast-global-color-0-color has-text-color has-link-color wp-elements-36e94c00a522763fde9e4a7d93d7e96c\">Grupacija je prepoznala izuzetan potencijal ove lokacije zbog:<\/p>\n\n\n\n<ul class=\"wp-block-list\">\n<li class=\"has-ast-global-color-0-color has-text-color has-link-color wp-elements-3f4f6ec2aae423356a4684b76735ebc6\">stabilne i pouzdane radne snage<\/li>\n\n\n\n<li class=\"has-ast-global-color-0-color has-text-color has-link-color wp-elements-fa01f8b5cf625417b8b9a0210bc245f4\">izvrsne suradnje s lokalnom samoupravom<\/li>\n\n\n\n<li class=\"has-ast-global-color-0-color has-text-color has-link-color wp-elements-27c951831f1ec1a113b6871776aace6a\">logisti\u010dke povezanosti s klju\u010dnim EU tr\u017ei\u0161tima<\/li>\n\n\n\n<li class=\"has-ast-global-color-0-color has-text-color has-link-color wp-elements-737e4ba9e0f57173ef9e8f571ff154d9\">netaknute prirode i idealnih uvjeta za proizvodnju BIO \u010dokolade<\/li>\n<\/ul>\n\n\n\n<p class=\"has-ast-global-color-0-color has-text-color\">Uz iskustvo belgijskih stru\u010dnjaka i lokalnu predanost, Belgian Gourmet danas predstavlja jedan od najbr\u017ee rastu\u0107ih pogona za BIO \u010dokoladu u regiji.<\/p>\n<\/div>\n<\/div>\n<\/div>\n<\/div><\/div>\n\n\n\n<div class=\"wp-block-cover alignfull\" style=\"min-height:600px;aspect-ratio:unset;\"><span aria-hidden=\"true\" class=\"wp-block-cover__background has-nv-light-bg-background-color has-background-dim-100 has-background-dim\"><\/span><div class=\"wp-block-cover__inner-container is-layout-flow wp-block-cover-is-layout-flow\">\n<div class=\"wp-block-group is-layout-flow wp-block-group-is-layout-flow\">\n<div class=\"wp-block-columns are-vertically-aligned-center has-neve-text-color-color has-text-color is-layout-flex wp-container-core-columns-is-layout-28f84493 wp-block-columns-is-layout-flex\">\n<div class=\"wp-block-column is-vertically-aligned-center is-layout-flow wp-block-column-is-layout-flow\" style=\"flex-basis:50%\">\n<figure class=\"wp-block-image alignleft size-full is-resized animated rotateIn\"><img loading=\"lazy\" decoding=\"async\" width=\"389\" height=\"177\" src=\"https:\/\/belgiangourmet.hr\/wp-content\/uploads\/2025\/11\/1.png\" alt=\"\" class=\"wp-image-7\" style=\"aspect-ratio:1.6953424934330168;width:361px;height:auto\" srcset=\"https:\/\/belgiangourmet.hr\/wp-content\/uploads\/2025\/11\/1.png 389w, https:\/\/belgiangourmet.hr\/wp-content\/uploads\/2025\/11\/1-300x137.png 300w, https:\/\/belgiangourmet.hr\/wp-content\/uploads\/2025\/11\/1-228x104.png 228w\" sizes=\"auto, (max-width: 389px) 100vw, 389px\" \/><\/figure>\n<\/div>\n\n\n\n<div class=\"wp-block-column is-vertically-aligned-center is-layout-flow wp-block-column-is-layout-flow\" style=\"flex-basis:50%\">\n<h2 class=\"wp-block-heading has-ast-global-color-0-color has-text-color\">Osnovni podaci<\/h2>\n\n\n\n<p class=\"has-ast-global-color-0-color has-text-color has-link-color wp-elements-ce29f707ba2580690c876564620abc9e\"><strong><strong>Belgian Gourmet d.o.o.<\/strong><\/strong> <\/p>\n\n\n\n<p class=\"has-ast-global-color-0-color has-text-color has-link-color wp-elements-54881e4ddbe9395a8032e340a79c2333\"><strong>OIB:<\/strong> 72218535499<\/p>\n\n\n\n<p class=\"has-ast-global-color-0-color has-text-color has-link-color wp-elements-e22b2873ff5259143e0c8cadda35f1ac\"><strong>MBS: <\/strong>060429479<\/p>\n\n\n\n<p class=\"has-ast-global-color-0-color has-text-color has-link-color wp-elements-81f2123e4762609ec5eb007476d5eede\"><strong>Datum osnivanja: <\/strong>30.03.2021.<\/p>\n\n\n\n<p class=\"has-ast-global-color-0-color has-text-color has-link-color wp-elements-7a2af85d3a63cc75adc96f3acdb9f156\"><strong>NKD: <\/strong>C10820<strong> &#8211; <\/strong>Proizvodnja kakao, \u010dokoladnih proizvoda <br>                         i proizvoda od \u0161e\u0107era;<\/p>\n\n\n\n<p class=\"has-ast-global-color-0-color has-text-color has-link-color wp-elements-e0929137175bb468b3cb9e80e21ada86\"><strong>Zastupnici:<\/strong><\/p>\n\n\n\n<p class=\"has-ast-global-color-0-color has-text-color has-link-color wp-elements-8c16a861132e005b9b6c37c645eed671\"><strong>Adriaan Filip M. Hoogmartens <\/strong><br>E-mail: adriaan@belgiangourmet.be<\/p>\n\n\n\n<p class=\"has-ast-global-color-0-color has-text-color has-link-color wp-elements-4a98a4008c802c4c6e08545ad771f409\"><strong>Marko Giro<\/strong><br>E-mail: marko@belgiangourmet.hr<\/p>\n\n\n\n<p class=\"has-ast-global-color-0-color has-text-color has-link-color wp-elements-b88bd3f3621f75a66743d1454c786362\"><strong>Registarsko tijelo:<\/strong> Trgova\u010dki sud u Splitu<\/p>\n\n\n\n<p class=\"has-ast-global-color-0-color has-text-color has-link-color wp-elements-1f9b68eff4799ab55dd40d74a24d7d13\"><strong>MB DZS:<\/strong> 05396093<\/p>\n<\/div>\n<\/div>\n<\/div>\n<\/div><\/div>\n\n\n\n<div id=\"wp-block-themeisle-blocks-advanced-columns-d7525ef5\" class=\"wp-block-themeisle-blocks-advanced-columns has-1-columns has-desktop-equal-layout has-tablet-equal-layout has-mobile-equal-layout has-vertical-unset\"><div class=\"wp-block-themeisle-blocks-advanced-columns-overlay\"><\/div><div class=\"innerblocks-wrap\">\n<div id=\"wp-block-themeisle-blocks-advanced-column-79c24875\" class=\"wp-block-themeisle-blocks-advanced-column\"><\/div>\n<\/div><\/div>\n\n\n<div style=\"height:400pxpx;\" class=\"wp-block-themeisle-blocks-leaflet-map\" id=\"wp-block-themeisle-blocks-leaflet-map-eaa71723\"><\/div>\n<script type=\"text\/javascript\">\n\t\/* <![CDATA[ *\/\n\t\tif ( ! window.themeisleLeafletMaps ) window.themeisleLeafletMaps =[];\n\t\twindow.themeisleLeafletMaps.push( { container: \"wp-block-themeisle-blocks-leaflet-map-eaa71723\", attributes: {\"id\":\"wp-block-themeisle-blocks-leaflet-map-eaa71723\",\"location\":\"druga ulica 1 kosore vrlika\",\"latitude\":\"43.93795614003682\",\"longitude\":\"16.40945434570313\",\"bbox\":\"16.306457519531254,43.913228617337246,16.512451171875004,43.962673383661915\",\"zoom\":12,\"markers\":[{\"id\":\"a1a1d534-33ce-4dac-88d0-60e43687bdca\",\"latitude\":43.93801794596272,\"longitude\":16.409325599670414,\"title\":\"Add a title\",\"description\":\"\"}],\"height\":\"400px\",\"zoomControl\":true,\"draggable\":true,\"hasCustomCSS\":false,\"customCSS\":\"\",\"otterConditions\":[]} } );\n\t\/* ]]> *\/\n<\/script>\n\n\n\n<p><\/p>\n","protected":false},"excerpt":{"rendered":"","protected":false},"author":1,"featured_media":0,"parent":0,"menu_order":0,"comment_status":"closed","ping_status":"closed","template":"","meta":{"site-sidebar-layout":"default","site-content-layout":"","ast-site-content-layout":"default","site-content-style":"default","site-sidebar-style":"default","ast-global-header-display":"","ast-banner-title-visibility":"","ast-main-header-display":"","ast-hfb-above-header-display":"","ast-hfb-below-header-display":"","ast-hfb-mobile-header-display":"","site-post-title":"","ast-breadcrumbs-content":"","ast-featured-img":"","footer-sml-layout":"","theme-transparent-header-meta":"","adv-header-id-meta":"","stick-header-meta":"","header-above-stick-meta":"","header-main-stick-meta":"","header-below-stick-meta":"","astra-migrate-meta-layouts":"default","ast-page-background-enabled":"default","ast-page-background-meta":{"desktop":{"background-color":"var(--ast-global-color-5)","background-image":"","background-repeat":"repeat","background-position":"center center","background-size":"auto","background-attachment":"scroll","background-type":"","background-media":"","overlay-type":"","overlay-color":"","overlay-opacity":"","overlay-gradient":""},"tablet":{"background-color":"","background-image":"","background-repeat":"repeat","background-position":"center center","background-size":"auto","background-attachment":"scroll","background-type":"","background-media":"","overlay-type":"","overlay-color":"","overlay-opacity":"","overlay-gradient":""},"mobile":{"background-color":"","background-image":"","background-repeat":"repeat","background-position":"center center","background-size":"auto","background-attachment":"scroll","background-type":"","background-media":"","overlay-type":"","overlay-color":"","overlay-opacity":"","overlay-gradient":""}},"ast-content-background-meta":{"desktop":{"background-color":"var(--ast-global-color-4)","background-image":"","background-repeat":"repeat","background-position":"center center","background-size":"auto","background-attachment":"scroll","background-type":"","background-media":"","overlay-type":"","overlay-color":"","overlay-opacity":"","overlay-gradient":""},"tablet":{"background-color":"var(--ast-global-color-4)","background-image":"","background-repeat":"repeat","background-position":"center center","background-size":"auto","background-attachment":"scroll","background-type":"","background-media":"","overlay-type":"","overlay-color":"","overlay-opacity":"","overlay-gradient":""},"mobile":{"background-color":"var(--ast-global-color-4)","background-image":"","background-repeat":"repeat","background-position":"center center","background-size":"auto","background-attachment":"scroll","background-type":"","background-media":"","overlay-type":"","overlay-color":"","overlay-opacity":"","overlay-gradient":""}},"_themeisle_gutenberg_block_has_review":false,"footnotes":""},"class_list":["post-61","page","type-page","status-publish","hentry"],"_links":{"self":[{"href":"https:\/\/belgiangourmet.hr\/index.php\/wp-json\/wp\/v2\/pages\/61","targetHints":{"allow":["GET"]}}],"collection":[{"href":"https:\/\/belgiangourmet.hr\/index.php\/wp-json\/wp\/v2\/pages"}],"about":[{"href":"https:\/\/belgiangourmet.hr\/index.php\/wp-json\/wp\/v2\/types\/page"}],"author":[{"embeddable":true,"href":"https:\/\/belgiangourmet.hr\/index.php\/wp-json\/wp\/v2\/users\/1"}],"replies":[{"embeddable":true,"href":"https:\/\/belgiangourmet.hr\/index.php\/wp-json\/wp\/v2\/comments?post=61"}],"version-history":[{"count":14,"href":"https:\/\/belgiangourmet.hr\/index.php\/wp-json\/wp\/v2\/pages\/61\/revisions"}],"predecessor-version":[{"id":550,"href":"https:\/\/belgiangourmet.hr\/index.php\/wp-json\/wp\/v2\/pages\/61\/revisions\/550"}],"wp:attachment":[{"href":"https:\/\/belgiangourmet.hr\/index.php\/wp-json\/wp\/v2\/media?parent=61"}],"curies":[{"name":"wp","href":"https:\/\/api.w.org\/{rel}","templated":true}]}}